.
-1
Let d(q) = -q**3 + 34*q**2 + 333*q + 93. Calculate d(42).
-33
Let v(g) = g**2 + 30*g - 68. Calculate v(9).
283
Let z(y) = -88*y**2 + 439*y - 3. Give z(5).
-8
Let u(s) = 3*s**2 - 40*s - 47. Determine u(21).
436
Let s(o) = 2*o**2 + 277*o - 829. Calculate s(3).
20
Let n(o) = 1318*o + 102789. Calculate n(-78).
-15
Let x(d) = -191*d + 1351. Calculate x(7).
14
Let q(z) = -795*z - 3926. What is q(-5)?
49
Let s(k) = k**3 - 34*k**2 + 39*k - 224. What is s(33)?
-26
Let u(r) = -r**3 - 25*r**2 + 41*r + 1059. What is u(-25)?
34
Let b(d) = -2*d**2 + 123*d - 1662. Determine b(42).
-24
Let w(q) = 77*q + 380. What is w(-6)?
-82
Let t(m) = m**3 - 14*m**2 - 278*m + 416. Give t(-12).
8
Let q(d) = -d**3 + 27*d**2 - d + 591. Calculate q(28).
-221
Let y(i) = i**2 + 1982*i - 42066. Calculate y(21).
-3
Let t(i) = 73*i**2 + 1920*i + 582. Give t(-26).
10
Let p(t) = 92*t + 749. Determine p(-8).
13
Let k(s) = s**3 + 20*s**2 - 2*s - 17. What is k(-20)?
23
Let d(r) = 5*r**2 - 9*r - 10. Give d(2).
-8
Let n(u) = u**2 - 473*u + 28206. What is n(70)?
-4
Let y(d) = -3*d**2 + 14*d - 13. Calculate y(1).
-2
Let g(f) = -f**3 - 40*f**2 + 3*f + 1680. Determine g(-39).
42
Let u(s) = s**2 - 23*s + 165. Calculate u(13).
35
Let y(f) = 2*f**3 + 5*f**2 - 163*f - 3. Give y(7).
-213
Let q(t) = t**3 + 117*t**2 + 40*t - 8823. Calculate q(-116).
-7
Let w(c) = -c**2 + 43*c + 259. Give w(-6).
-35
Let z(n) = -72*n - 1300. Give z(-17).
-76
Let h(k) = -k**3 + 18*k**2 + 15*k - 262. Determine h(18).
8
Let c(r) = -r**2 + 46*r - 44. Calculate c(9).
289
Let s(c) = -2*c**3 - 12*c**2 + 82*c - 61. Determine s(7).
-761
Let x(a) = -2*a**2 - 131*a + 441. Give x(-67).
240
Let h(m) = m**3 + 25*m**2 + 162*m + 74. What is h(-13)?
-4
Let j(p) = 6*p + 235. Calculate j(-36).
19
Let x(l) = l**3 - 2*l**2 - 27*l + 2. What is x(-4)?
14
Let q(m) = -m**2 + 104*m - 596. Determine q(98).
-8
Let u(a) = 2*a**3 + 40*a**2 - 11*a - 50. Determine u(-20).
170
Let b(k) = -4*k**3 - 148*k**2 - 123*k + 761. Give b(-36).
5
Let v(r) = -86*r**2 + 29*r + 9. Determine v(3).
-678
Let k(o) = o**3 - 18*o**2 - 43*o + 43. Calculate k(20).
-17
Let f(l) = l**2 + 74*l + 844. Calculate f(-60).
4
Let t(d) = 144*d - 4051. Calculate t(28).
-19
Let f(h) = -h**3 - 10*h**2 - 13*h - 18. Determine f(-8).
-42
Let z(j) = -j**2 + 885*j + 9850. Determine z(-11).
-6
Let l(d) = -14*d**2 + 2114*d. Calculate l(151).
0
Let q(x) = -3*x**2 + 42*x - 189. Calculate q(7).
-42
Let n(l) = 227*l + 2126. What is n(-9)?
83
Let k(m) = -488*m - 2909. Give k(-6).
19
Let b(u) = -u**3 - 52*u**2 - 678*u - 151. What is b(-28)?
17
Let u(f) = -f**3 + 9*f**2 + 40*f - 140. Calculate u(3).
34
Let k(p) = p**3 + 24*p**2 - 29*p - 82. Determine k(-25).
18
Let t(i) = -i**2 - 23*i - 119. What is t(-16)?
-7
Let q(i) = 5*i**3 - 783*i**2 - 312*i - 296. Calculate q(157).
18
Let a(g) = 850*g + 4248. What is a(-5)?
-2
Let k(w) = w**3 + 12*w**2 - 13*w - 227. Calculate k(-11).
37
Let w(v) = 185*v - 2603. Determine w(14).
-13
Let c(u) = 64*u + 3241. Determine c(-47).
233
Let r(q) = -2*q**2 + 399*q + 1612. Calculate r(-4).
-16
Let i(q) = -q**3 - 62*q**2 - 147*q - 1622. Determine i(-60).
-2
Let s(n) = 7*n**3 - 2*n**2 - n - 179. Determine s(0).
-179
Let d(q) = -q**3 - 22*q**2 + 30*q + 680. Give d(-22).
20
Let i(f) = -44*f**3 + 3*f**2 + 9*f + 4. Determine i(-1).
42
Let p(y) = -y**3 + 5*y**2 + 173*y - 1141. Give p(7).
-28
Let b(d) = 9*d**2 - 35*d + 104. Determine b(11).
808
Let j(c) = 61*c + 1585. Give j(-26).
-1
Let g(v) = -202*v**2 - 4*v - 1. What is g(-1)?
-199
Let w(f) = 263*f - 81274. What is w(309)?
-7
Let g(w) = -29*w**2 + 153*w - 8. Give g(6).
-134
Let w(u) = -2*u**2 - 54*u - 161. Give w(-5).
59
Let r(q) = 4*q - 55. Give r(22).
33
Let i(o) = 7*o - 281. Give i(33).
-50
Let f(n) = 89*n + 48. Determine f(-1).
-41
Let u(b) = -b**2 + 21*b - 24. Determine u(20).
-4
Let y(c) = -4*c**2 + 491*c - 331. Give y(122).
35
Let c(u) = -u**3 - 19*u**2 + 12*u + 74. Determine c(-9).
-844
Let j(v) = -125*v - 1755. What is j(-14)?
-5
Let m(o) = 8000*o + 79999. Calculate m(-10).
-1
Let u(p) = 3*p**2 - 396*p + 3989. Determine u(11).
-4
Let u(a) = -2*a**2 - 6*a + 1600. Calculate u(26).
92
Let x(o) = -106*o + 1968. What is x(19)?
-46
Let l(t) = 5*t**2 + 72*t - 36. Determine l(-15).
9
Let q(t) = -2*t**3 + 11*t**2 - 128*t + 622. Give q(5).
7
Let o(v) = -74*v - 37. Give o(-2).
111
Let d(n) = 111*n - 218. What is d(3)?
115
Let h(d) = 9*d**2 + 199*d - 192. Calculate h(-23).
-8
Let h(d) = 4*d**3 + 15*d**2 + 7*d + 4. Determine h(-5).
-156
Let c(a) = -a**2 + 62*a - 614. What is c(49)?
23
Let d(u) = 39*u - 2881. What is d(76)?
83
Let c(k) = -43*k**2 + 68*k - 65. What is c(1)?
-40
Let k(q) = 8*q - 84. Calculate k(4).
-52
Let u(b) = -b + 146. What is u(49)?
97
Let r(a) = -633*a - 5749. What is r(-9)?
-52
Let u(k) = -44*k + 6062. Determine u(130).
342
Let b(t) = 19*t + 447. Determine b(10).
637
Let l(m) = -12*m**2 + 192*m - 49. Determine l(14).
287
Let j(v) = -v**3 - 269*v**2 - 4978*v + 3. Give j(-20).
-37
Let n(k) = -k**3 - 99*k**2 - 70*k + 2704. Give n(-98).
-40
Let x(w) = 76*w + 282. Give x(-11).
-554
Let o(s) = 235*s - 36425. Calculate o(155).
0
Let p(c) = -3*c**3 + 507*c**2 + 2077*c - 168. Give p(173).
5
Let h(f) = -9*f**2 + 4*f + 15. What is h(5)?
-190
Let o(l) = 51*l**3 + 152*l**2 - 23*l - 62. Determine o(-3).
-2
Let s(j) = 5*j**2 - 22*j + 3. Give s(0).
3
Let b(w) = -w**3 - 26*w**2 - 167*w + 13. Calculate b(-14).
-1
Let c(f) = 9*f - 464. Calculate c(51).
-5
Let x(k) = -7*k**2 - 73*k + 24. What is x(-12)?
-108
Let d(t) = -t**3 - 5*t**2 - t + 27. What is d(-3)?
12
Let s(o) = -138*o + 1768. Give s(16).
-440
Let f(d) = -5*d**3 + 371*d**2 - 84*d + 750. Determine f(74).
10
Let r(l) = -l**2 - 151*l - 4968. What is r(-103)?
-24
Let m(d) = -d**3 + 17*d**2 + 665*d - 10895. Calculate m(16).
1
Let h(g) = 20*g + 634. Give h(-45).
-266
Let d(a) = -3*a**3 - 127*a**2 + 2300*a + 221. What is d(-56)?
-3
Let g(p) = 234*p + 125. What is g(0)?
125
Let g(j) = -j**2 + 78*j - 272. What is g(79)?
-351
Let y(m) = 438*m - 6189. Calculate y(14).
-57
Let o(v) = 159*v + 1153. Determine o(-6).
199
Let l(m) = -m**2 + 7*m - 1. Determine l(0).
-1
Let g(h) = -2*h**3 - 43*h**2 - 34*h + 96. Determine g(-21).
369
Let i(z) = -z**3 + 140*z**2 + 423*z + 827. Calculate i(143).
-31
Let l(p) = -40*p - 5. Determine l(6).
-245
Let f(m) = -37*m + 68. Determine f(2).
-6
Let t(y) = -10*y + 711. Calculate t(64).
71
Let h(t) = 6*t - 23. Calculate h(6).
13
Let a(m) = 121*m + 695. Give a(-10).
-515
Let t(h) = -h**3 - 12*h**2 - 17*h - 15. Give t(-10).
-45
Let l(r) = r**3 - 10*r**2 + 85*r - 1047. Determine l(11).
9
Let n(g) = -90*g + 8997. What is n(100)?
-3
Let d(r) = 12*r - 310. Calculate d(21).
-58
Let w(p) = -46*p - 836. Give w(-26).
360
Let w(a) = -251*a + 1820. Determine w(7).
63
Let v(l) = 2*l**2 - 478*l + 7540. Determine v(17).
-8
Let k(z) = 464*z**2 + 41*z + 41. What is k(-1)?
464
Let h(g) = g**3 - 9*g**2 + 36*g - 84. What is h(8)?
140
Let t(f) = -816*f - 41617. Give t(-51).
-1
Let d(o) = -13*o - 252. What is d(-21)?
21
Let u(b) = 100*b - 12600. What is u(126)?
0
Let h(t) = -5*t + 21. What is h(-3)?
36
Let p(d) = -3*d**3 - 11*d**2 + 101*d - 36. Determine p(-8).
-12
Let n(u) = 23*u**2 - 717*u + 810. Calculate n(30).
0
Let q(c) = -c**3 - 24*c**2 - 921*c - 23658. Determine q(-25).
-8
Let i(w) = 380*w + 1540. Give i(-4).
20
Let k(q) = q**3 - 16*q**2 + q - 10. Determine k(16).
6
Let d(a) = -a**2 - 24*a - 145. Calculate d(-15).
-10
Let a(p) = 3*p**2 - 223*p + 191. Determine a(73).
-101
Let w(q) = -28*q - 26. What is w(5)?
-166
Let s(j) = 639*j - 2479. Give s(4).
77
Let r(q) = 26*q - 1358. Calculate r(40).
-318
Let r(u) = -6*u**2 - 106*u + 280. What is r(-20)?
0
Let g(q) = 31*q - 225. Determine g(-6).
-411
Let w(j) = j - 67. Calculate w(72).
5
Let i(q) = -2*q**2 + 143*q + 759. Give i(-5).
-6
Let d(q) = -q**2 + 2922*q - 11681. Calculate d(4).
-9
Let h(o) = -416*o + 20805. Determine h(50).
5
Let d(j) = j**2 - 19*j - 153. Determine d(22).
-87
Let k(f) = -37*f**2 - 731*f + 180. Give k(-20).
0
Let f(g) = -24*g + 602. What is f(24)?
26
Let o(v) = -v**2 + 20*v + 226. Calculate o(-8).
2
Let w(j) = -31*j - 339. Determine w(-11).
2
Let y(z) = 8*z**3 - 1017*z**2 + 126*z + 112. Give y(127).
-15
Let s(u) = -450*u - 903. Determine s(-2).
-3
Let p(x) = -x**3 - 7*x**2 + 62*x - 13. Determ